3 is divided by 54.
11
What is the remainder when 3699 is divided by 114?
51
Calculate the remainder when 127 is divided by 67.
60
Calculate the remainder when 808 is divided by 30.
28
Calculate the remainder when 1290 is divided by 259.
254
Calculate the remainder when 1687 is divided by 8.
7
Calculate the remainder when 597 is divided by 68.
53
Calculate the remainder when 209 is divided by 7.
6
What is the remainder when 343 is divided by 69?
67
Calculate the remainder when 257 is divided by 169.
88
Calculate the remainder when 13 is divided by 4.
1
What is the remainder when 168 is divided by 43?
39
Calculate the remainder when 7972 is divided by 55.
52
What is the remainder when 17584 is divided by 18?
16
What is the remainder when 370 is divided by 22?
18
What is the remainder when 461 is divided by 33?
32
What is the remainder when 471 is divided by 43?
41
What is the remainder when 166 is divided by 7?
5
What is the remainder when 510 is divided by 45?
15
Calculate the remainder when 125 is divided by 34.
23
What is the remainder when 1241 is divided by 54?
53
What is the remainder when 1598 is divided by 13?
12
What is the remainder when 72 is divided by 14?
2
What is the remainder when 146 is divided by 39?
29
Calculate the remainder when 138 is divided by 47.
44
What is the remainder when 230 is divided by 46?
0
Calculate the remainder when 123 is divided by 25.
23
What is the remainder when 46 is divided by 6?
4
Calculate the remainder when 1255 is divided by 416.
7
Calculate the remainder when 6702 is divided by 149.
146
What is the remainder when 1318 is divided by 15?
13
What is the remainder when 7306 is divided by 29?
27
Calculate the remainder when 153 is divided by 102.
51
Calculate the remainder when 839 is divided by 16.
7
Calculate the remainder when 10 is divided by 7.
3
Calculate the remainder when 984 is divided by 29.
27
What is the remainder when 4464 is divided by 44?
20
What is the remainder when 59 is divided by 33?
26
Calculate the remainder when 400 is divided by 225.
175
Calculate the remainder when 543 is divided by 39.
36
Calculate the remainder when 302 is divided by 99.
5
Calculate the remainder when 320 is divided by 6.
2
Calculate the remainder when 34 is divided by 12.
10
What is the remainder when 5277 is divided by 2638?
1
Calculate the remainder when 22 is divided by 3.
1
Calculate the remainder when 607 is divided by 87.
85
What is the remainder when 5235 is divided by 12?
3
What is the remainder when 409 is divided by 25?
9
Calculate the remainder when 419 is divided by 42.
41
What is the remainder when 391 is divided by 17?
0
Calculate the remainder when 668 is divided by 56.
52
Calculate the remainder when 839 is divided by 29.
27
What is the remainder when 151 is divided by 19?
18
What is the remainder when 173 is divided by 53?
14
Calculate the remainder when 34 is divided by 4.
2
What is the remainder when 2294 is divided by 89?
69
Calculate the remainder when 100 is divided by 6.
4
What is the remainder when 311 is divided by 66?
47
Calculate the remainder when 1671 is divided by 38.
37
Calculate the remainder when 56 is divided by 12.
8
What is the remainder when 474 is divided by 149?
27
Calculate the remainder when 206 is divided by 71.
64
What is the remainder when 181 is divided by 49?
34
Calculate the remainder when 345 is divided by 2.
1
What is the remainder when 32676 is divided by 40?
36
What is the remainder when 669 is divided by 3?
0
What is the remainder when 1349 is divided by 360?
269
Calculate the remainder when 1375 is divided by 126.
115
Calculate the remainder when 64 is divided by 34.
30
What is the remainder when 7907 is divided by 35?
32
Calculate the remainder when 830 is divided by 17.
14
What is the remainder when 79 is divided by 10?
9
What is the remainder when 125 is divided by 87?
38
What is the remainder when 4172 is divided by 520?
12
Calculate the remainder when 170 is divided by 26.
14
What is the remainder when 1824 is divided by 602?
18
What is the remainder when 471 is divided by 468?
3
Calculate the remainder when 63 is divided by 18.
9
Calculate the remainder when 51738 is divided by 13.
11
What is the remainder when 131 is divided by 11?
10
Calculate the remainder when 33862 is divided by 13.
10
What is the remainder when 444 is divided by 213?
18
Calculate the remainder when 1769 is divided by 42.
5
What is the remainder when 6896 is divided by 3438?
20
What is the remainder when 116 is divided by 60?
56
What is the remainder when 607 is divided by 16?
15
Calculate the remainder when 1365 is divided by 85.
5
What is the remainder when 139 is divided by 14?
13
What is the remainder when 16146 is divided by 10?
6
What is the remainder when 340 is divided by 32?
20
Calculate the remainder when 1412 is divided by 6.
2
What is the remainder when 257 is divided by 7?
5
Calculate the remainder when 386 is divided by 78.
74
Calculate the remainder when 1188 is divided by 396.
0
Calculate the remainder when 60 is divided by 43.
17
Calculate the remainder when 468 is divided by 67.
66
What is the remainder when 3006 is divided by 997?
15
What is the remainder when 79 is divided by 27?
25
Calculate the remainder when 320 is divided by 34.
14
Calculate the remainder when 4339 is divided by 28.
27
What is the remainder when 2537 is divided by 4?
1
What is the remainder when 2713 is divided by 28?
25
What is the remainder when 155 is divided by 17?
2
Calculate the remainder when 197 is divided by 73.
51
Calculate the remainder when 52 is divided by 7.
3
What is the remainder when 1111 is divided by 370?
1
Calculate the remainder when 3684 is divided by 11.
10
Calculate the remainder when 225 is divided by 54.
9
What is the remainder when 6389 is divided by 7?
5
Calculate the remainder when 674 is divided by 135.
134
Calculate the remainder when 4367 is divided by 6.
5
What is the remainder when 131 is divided by 23?
16
Calculate the remainder when 253 is divided by 64.
61
What is the remainder when 226 is divided by 105?
16
What is the remainder when 142 is divided by 13?
12
Calculate the remainder when 321 is divided by 106.
3
Calculate the remainder when 502 is divided by 23.
19
What is the remainder when 35 is divided by 25?
10
What is the remainder when 424 is divided by 43?
37
Calculate the remainder when 123 is divided by 35.
18
Calculate the remainder when 355 is divided by 8.
3
What is the remainder when 855 is divided by 151?
100
Calculate the remainder when 828 is divided by 83.
81
What is the remainder when 79 is divided by 26?
1
What is the remainder when 122429 is divided by 66?
65
What is the remainder when 23697 is divided by 237?
234
Calculate the remainder when 6337 is divided by 25.
12
What is the remainder when 383 is divided by 161?
61
What is the remainder when 676 is divided by 31?
25
Calculate the remainder when 315 is divided by 16.
11
Calculate the remainder when 1581 is divided by 525.
6
What is the remainder when 198 is divided by 16?
6
Calculate the remainder when 57 is divided by 23.
11
Calculate the remainder when 26206 is divided by 13.
11
Calculate the remainder when 796 is divided by 136.
116
Calculate the remainder when 153 is divided by 52.
49
Calculate the remainder when 1099 is divided by 110.
109
Calculate the remainder when 75 is divided by 9.
3
What is the remainder when 1045 is divided by 116?
1
Calculate the remainder when 917 is divided by 28.
21
Calculate the remainder when 806 is divided by 30.
26
Calculate the remainder when 2409 is divided by 67.
64
Calculate the remainder when 247 is divided by 80.
7
Calculate the remainder when 344 is divided by 109.
17
Calculate the remainder when 719 is divided by 28.
19
What is the remainder when 5553 is divided by 22?
9
What is the remainder when 98 is divided by 18?
8
Calculate the remainder when 254 is divided by 8.
6
Calculate the remainder when 64 is divided by 44.
20
What is the remainder when 863 is divided by 45?
8
What is the remainder when 332 is divided by 49?
38
What is the remainder when 31 is divided by 15?
1
Calculate the remainder when 2711 is divided by 3.
2
What is the remainder when 1687 is divided by 18?
13
Calculate the remainder when 200 is divided by 8.
0